(-3). Let k = d + n. Is 4 a factor of k?
True
Let h = -5 + 9. Let n(j) = j**3 - 7*j**2 - 5*j + 8. Let p be n(7). Is 6 a factor of h/18 + (-588)/p?
False
Suppose 0 = 84*l - 80*l - 64. Is 4 a factor of l?
True
Suppose 0 = 2*g - 7*g + 20. Suppose -4*h = -l + 2*l + 5, -g*h - 3*l = -1. Let r = 30 + h. Is r a multiple of 10?
False
Let h = 77 + -23. Let v be 36/(-3)*1*-1. Suppose -3*m - h = -8*m + f, -3*f - v = 0. Is 10 a factor of m?
True
Suppose -5*g + 124 = -g. Suppose -2*t + g = 3*k, -3*t - 4*k = -2*k - 54. Suppose 0*j + j + 3*m - 20 = 0, 0 = -j - 2*m + t. Is j a multiple of 20?
True
Suppose 3*y - a - 28 = -8, -18 = -2*y - 4*a. Let k = 6 - y. Is -2 + 51/(-3)*k a multiple of 6?
False
Suppose -5*s = 3*h - 16, 0 = 5*h - 0*s - 4*s - 2. Suppose 0 = h*n - 6*n. Suppose 5*c - g - 33 = n, 7*c - 2*c = -2*g + 24. Is 6 a factor of c?
True
Let k = 152 + -20. Is 20 a factor of k?
False
Suppose 17*x = 12*x + 340. Is 16 a factor of x?
False
Let z(j) = j**3. Let d be 1 + 2/(-1) - 0. Let c(q) = q**3 + 9*q**2 - 3*q - 12. Let o(f) = d*c(f) + 2*z(f). Is o(9) a multiple of 12?
False
Suppose -2*s - 28 = 92. Does 15 divide (15/6)/(-5)*s?
True
Let b(i) = i - 6. Let m be b(5). Let n = m - -19. Suppose -4*l + 26 = -4*q - n, 0 = -3*l - 3*q + 15. Is 4 a factor of l?
True
Suppose 3*d = -3*h + 27, 2*d - 5*h = -3*d + 35. Is d a multiple of 3?
False
Suppose -4*a - 3*c = -644, 3*c + c = 0. Is 24 a factor of a?
False
Suppose -3*v + 3*p + 6 = 0, v + p - 2 = -0. Is v even?
True
Suppose n = -3 + 18. Suppose 0 = l + 4*l - n. Suppose l*s = -2*s + 25. Is 3 a factor of s?
False
Let r(f) = 2*f**2 - 9*f + 10. Let v(d) = -d**2 + 12*d - 13. Suppose -2*o + 6*h + 15 = h, 4*h + 46 = 5*o. Let i be v(o). Does 15 divide r(i)?
True
Let z be 1 + (-6)/(-3) + 50. Let w = z - 22. Is w a multiple of 14?
False
Let z = 5 + -2. Let u(t) = -13 + 3*t + 6 + 6 + 2. Is u(z) a multiple of 5?
True
Suppose 4*r + 698 = 3*c, -5*r = -5*c + 4*c + 251. Is 47 a factor of c?
False
Let r(b) = b + 15. Let d be r(0). Suppose -d = 3*q, -q + 3*q = -2*o + 24. Is 4 a factor of o?
False
Suppose 1 = o - 2. Suppose 0 = -o*t - 32 - 34. Let v = 48 + t. Is v a multiple of 13?
True
Let h = -48 - -31. Let l = h - -29. Does 7 divide l?
False
Let h(a) = 10*a**2 - a - 8. Is 39 a factor of h(-4)?
True
Suppose -12 = -4*j - 4. Suppose -4*n = -5*b - 59, -3*n + 46 = -0*n - j*b. Does 11 divide n?
False
Suppose -9 = 4*h - 465. Is 8 a factor of h?
False
Let l be 0/(1/(4/(-8))). Suppose l = -8*x + 4*x + 48. Is x a multiple of 12?
True
Suppose -6 - 24 = -2*q. Suppose -m + 7 = 2*l - q, 36 = 4*l - 2*m. Is 4 a factor of ((-24)/15)/((-2)/l)?
True
Let z(d) = 4*d**3 - d**2 + 4*d. Is z(2) a multiple of 18?
True
Let u(w) = w**3 - 18*w**2 + 11*w - 29. Is u(18) a multiple of 32?
False
Let d = 152 + -99. Is 24 a factor of d?
False
Is 21 a factor of 129 - ((-10)/(-5) + 1)?
True
Let h be 0*(-1)/3*-3. Suppose 4*z + 20 = 0, -4*r + h*z = -5*z - 1. Let p(l) = -l**3 - 4*l**2 + 6*l - 8. Is p(r) a multiple of 14?
True
Let t be ((-8)/(-6))/(6/9). Suppose t*s + 116 = g, 139 = g + s + 20. Suppose 0*f - 2*f = -g. Is 15 a factor of f?
False
Let y = -17 - -2. Let o = y + 11. Let t(l) = l**2 - l - 1. Is 11 a factor of t(o)?
False
Suppose 4*f - 362 = -2. Is f a multiple of 15?
True
Let s(u) = -u + 8*u - 1 - 2*u + 7*u. Is 17 a factor of s(5)?
False
Is 17 a factor of (-6)/(-14) - 663/(-21)?
False
Let u(i) = i + 1. Let g(r) = -2*r**2 - 9*r - 7. Let q(k) = g(k) + 4*u(k). Let j be q(-3). Let c = j - -9. Is c a multiple of 2?
False
Let m(v) = v**3 + 11*v**2 + 5*v - 8. Let s(y) = -y**2 + 4*y + 2. Let i be s(6). Is 21 a factor of m(i)?
True
Let k = 75 + -38. Is k a multiple of 13?
False
Let n(v) = -v**3 - v**2 + v. Let f be n(0). Let d be 8 + f - (1 + -1). Does 12 divide (4*d)/((-3)/(-3))?
False
Let l = 2 - -4. Suppose w + 175 = l*w. Does 12 divide w?
False
Suppose 0 = 2*o + 3*o - 75. Does 5 divide o?
True
Let z(y) = 2*y + 5. Let v be z(5). Suppose 0 = -3*q - 3*m + v, -3*q = 4*m - 6 - 14. Let u = q - -3. Is 3 a factor of u?
True
Let o(d) = d**3 - 4*d**2 - 8*d + 4. Let j be o(5). Let i = j - -27. Is 16 a factor of i?
True
Let s(t) = 9*t. Let h(j) = j**3 - 2*j. Let x be h(2). Is s(x) a multiple of 18?
True
Suppose 3*b = -s - 2, 0 = -3*s + 5*b + 37 - 1. Let i be 3*(14/6 + -2). Does 9 divide (2 - (i - s)) + 1?
True
Suppose -5*w = 4*g - g - 26, -3*w + 4*g = -4. Suppose -4*r - 468 = -5*l, -w*r + 2*l - 384 = 84. Is 4/(-2)*r/6 a multiple of 21?
False
Let g(t) = 3*t - 3. Let x be g(2). Suppose z + x*z = 80. Is (15/6)/5*z a multiple of 5?
True
Suppose 0 = 3*y - 44 + 8. Does 12 divide y?
True
Let b(x) = -x**3 - 4*x**2 + 5*x. Let n be b(-5). Suppose n = 2*u - 0*u + 4, 5*g - 4*u - 93 = 0. Is 10 a factor of g?
False
Let b(f) = -20*f**2 - 2*f + 3. Let a be b(2). Let i = a - -117. Is i a multiple of 18?
True
Let a(l) = -l**3 + l**2 + l + 22. Let v = 12 + -12. Is a(v) a multiple of 17?
False
Let x be 4 - ((-9)/(-3))/3. Let v be -3*3/x*-15. Suppose -v + 5 = -5*s. Is 4 a factor of s?
True
Suppose -8*n - 588 = -15*n. Does 5 divide n?
False
Let v(s) = s + 2. Let a be v(-5). Let n = a - 3. Is 6 a factor of (n/15)/(1/(-20))?
False
Suppose -2*n - 5*d = -4*d - 60, n - 2*d - 30 = 0. Is 6 a factor of n?
True
Let d = 8 + -13. Is (-1 - d - 0) + 1 even?
False
Suppose 5*u - 350 = 5*x, x = -4*u - 0*x + 265. Does 20 divide u?
False
Suppose x + 4 - 8 = 0. Let c(v) = 27*v. Let s be c(2). Suppose -x*m = -m - s. Is m a multiple of 9?
True
Let g(c) = -c**2 + 8*c - 4. Suppose 0*t + 18 = 3*t. Does 7 divide g(t)?
False
Let q = 589 + -385. Suppose 0 = 21*x - 25*x + q. Does 15 divide x?
False
Let k be 1/(-5) - 42/(-10). Let w = k - 0. Suppose 0*p - w = -p. Is p even?
True
Suppose -30 = -3*j - 9. Does 3 divide j?
False
Suppose -96 = -2*u - u. Suppose -10 = -3*f + u. Is 14 a factor of f?
True
Suppose 21 + 91 = -4*c. Let h = c + 56. Is 14 a factor of h?
True
Suppose 2*c - 6*c + 200 = 0. Suppose -c = -x - w, 0*x - 2*w - 160 = -3*x. Is x a multiple of 9?
False
Let y(w) be the first derivative of w**2 - 6*w - 2. Let j be y(4). Does 4 divide j/6*4*6?
True
Suppose 436 = -17*k + 21*k. Is k a multiple of 10?
False
Suppose 0 = f + 78 - 114. Does 10 divide f?
False
Suppose -5*q + 3*q = c + 6, -12 = 3*q. Let h(o) = 2*o**3 - o**2 - o - 2. Is h(c) a multiple of 5?
False
Let l be 4 - 81/(-4 + 3). Suppose 8 = 3*u - 5*y - 29, 4*u + 2*y = 6. Suppose u*w - l = -w. Does 11 divide w?
False
Suppose 0 = -5*c + 4*i + 345, 0 = 2*c - 0*c - 5*i - 155. Suppose 2*s - c + 21 = 0. Is s a multiple of 16?
False
Let h(b) = 4*b**3 - 11*b**2 - 11*b - 2. Does 40 divide h(6)?
True
Let k(j) = 3*j**2 - 2*j - 1. Let b be k(-1). Suppose b*v - 5*r = 80, r + 2*r = 2*v - 38. Is 25 a factor of v?
True
Suppose 0*x - 2*x = -20. Let p = x + -17. Is (-11)/(-4)*(-3 - p) a multiple of 7?
False
Let k(s) = -2*s - 5. Let d be k(-5). Suppose -2*u + 230 = 5*n, 0 = d*n + 3*u - 220 - 5. Is n a multiple of 12?
True
Suppose 5*v + 415 = 3*c, -5*v + 120 = c - 5. Let o be (10/3)/(4/114). Let r = c - o. Does 20 divide r?
True
Suppose -4*j - j + 400 = 0. Is j a multiple of 10?
True
Suppose -5*u = -5*w + 35, -4*w + 22 = -0*w - 2*u. Suppose 4*s - 20 - w = 0. Suppose -5*v = -s*v + 5. Is v even?
False
Let s(r) = 9*r + 2. Suppose 3*n + 17 = 6*u - 11*u, u + 4 = 0. Suppose n = l - 3. Is s(l) a multiple of 19?
True
Is (-202)/(-1)*1 + 7 + -7 a multiple of 15?
False
Let c = 67 - 39. Does 6 divide c?
False
Suppose 0*r = r - 2. Suppose 8 = 5*m - 4*c, 0*c - 2*c - 4 = r*m. Suppose -4*g + 0*g + 149 = -3*q, 2*g - 5*q - 85 = m. Is 10 a factor of g?
False
Let h(m) = 24*m**2 + m + 1. Is 16 a factor of h(-2)?
False
Let z = -1 - -6. Let l(y) = y + 2. Is l(z) a multiple of 4?
False
Is 8 a factor of 798/15 - 4/20?
False
Let a = 499 - 707. Let z = 472 + a. Is z/15 + 2/5 a multiple of 9?
True
Let j be (3 + 0)*(-4)/(-3). Suppose -r - 3 = 0, -5*r - 8 = j*p - 1. Does 8 divide 100/12 + p/(-6)?
True
Let m be -89 + 2*(-9)/6. Let t = m - -160. Is t a multiple of 34?
True
Suppose -a + 5*a + 5*k = 229, 0 = -5*k + 25. Is a a multiple of 10?
False
Let j(v) = -v**3 + 0 - 3 - 2*v - 2*v**2 + 0. Suppose 5*q - 9 = c - 1, 0 = -c - 4*q + 1. Is j(c) a multiple of 6?
True
Suppose q = -4*q + 105. Does 8 divide q?
False
Suppose -5*w - 33 = -2*w. Is 0 - (w + (-9)/(-3)) a multiple of 4?
True
Suppose 0*c + 160 = -4*c. Let s = c + 75. I